hen d is divided by ((-7)/3)/(((-8)/2)/24)?
11
Suppose 5*z - 27 = -3*t, -3*z + 6 + 11 = 2*t. Suppose 2*d + 77 = 7*d - t*s, 2*d - 11 = -5*s. Let i = -120 - -145. What is the remainder when i is divided by d?
12
Let n = -2063 - -2113. Calculate the remainder when 594 is divided by n.
44
Let z be (2/3)/(10/15). Let q be 1/(-3)*z*6. What is the remainder when 39 - (4 - q/(-1)) is divided by 13?
11
Let u(z) = -18*z + 146. Calculate the remainder when 32 is divided by u(7).
12
Calculate the remainder when 123 is divided by (-84)/((-98)/(-14)) + 42.
3
Suppose 0 = 3*r - 2*t + 7*t - 9, -t + 15 = 5*r. Suppose -72 = -0*n - r*n. What is the remainder when n is divided by 9?
6
Let j = 326 - 197. Calculate the remainder when j is divided by 12.
9
Suppose m + 7 = r + 3*m, -2*r - 3*m = -14. What is the remainder when 12 is divided by r?
5
Let w = 42 + -38. Suppose -5*c + 102 = w*p + 2, 5*p + 60 = 3*c. What is the remainder when c is divided by 13?
7
Suppose 5*m - 231 = 79. What is the remainder when m is divided by 45 + -17 + (-6 - 0)?
18
Let y(d) = 17*d**3 - 2*d**2 + 2*d + 2. What is the remainder when 64 is divided by y(1)?
7
Suppose -56*r = -32*r - 336. What is the remainder when 0/(-1) - (-50 - -1) is divided by r?
7
Let j(o) = 114*o**2 - 16*o + 30. What is the remainder when j(2) is divided by 155?
144
Suppose 3*z = z - 12. Let n be -1 - -10*(-3)/z. Suppose 4*b + 12 = t, 5 - 1 = -n*b. Calculate the remainder when t is divided by 2.
0
What is the remainder when (104/20 - 6)*155/(-1) is divided by 9?
7
Suppose -3*f = -4*f + 4. Let u = -5 + f. Let r = 17 - u. Calculate the remainder when r is divided by 5.
3
Let s(h) = -h**3 + 48*h**2 - 133*h - 61. What is the remainder when s(45) is divided by (22/6)/((-1)/(-3))?
7
Let d(v) be the second derivative of -v**5/10 - 5*v**4/12 - v**3/2 - 2*v**2 - 23*v. What is the remainder when 67 is divided by d(-3)?
11
Let y(z) = z**3 + 9*z**2 + 4*z - 11. Calculate the remainder when 230 is divided by y(-8).
20
Let p(y) = -8*y + 1. Let n(c) = -2*c**3 - 4*c**2 - 2*c - 5. What is the remainder when p(-9) is divided by n(-3)?
16
Suppose 3*q = q + 3*i + 60, 0 = 5*i + 10. What is the remainder when 309 is divided by q?
12
Let z(o) = 3*o + 12. Let n be z(-4). Suppose n = -12*t + 11*t + 10. Calculate the remainder when 87 is divided by t.
7
Suppose 4*z - 99 - 602 = -3*h, -2*z = -5*h + 1151. What is the remainder when h is divided by 26?
23
Suppose 3*m - 5*m = -10. Suppose m*t = 3*t + 30. What is the remainder when 42 is divided by t?
12
Let a = -34 - -164. Calculate the remainder when a is divided by 45.
40
Let c(a) = -3*a + 41. Let h be c(-13). Let u = h - 15. Calculate the remainder when u is divided by 17.
14
Suppose -8*g + 3*g + 10 = 0. Calculate the remainder when -1 + g - (1 - 66) is divided by 17.
15
Let g(r) = -3*r**2 - 44*r + 86. What is the remainder when 73 is divided by g(-16)?
7
Let i(r) = -357*r**3 + 2*r**2 - 2*r - 4. Calculate the remainder when i(-1) is divided by 72.
69
Let i(u) = u**3 + 10*u**2 - 3*u - 7. Let s be i(-10). Suppose 71 - s = 4*x - 4*y, 4*x - 54 = 2*y. What is the remainder when x is divided by 9?
6
Let t be (0 - -6)*2/4. Suppose -17 = -2*m - 2*n + 5*n, -t*m = n - 53. Calculate the remainder when 29 is divided by m.
13
Let a = -2715 - -2748. Calculate the remainder when a is divided by 18.
15
Let z(q) = 25*q - 7. Let v = 45 - 44. Calculate the remainder when 102 is divided by z(v).
12
Calculate the remainder when 135 - (10 + -6 + -6) is divided by 25.
12
Suppose -4*w - 5*n = -447, -w - 121*n + 116*n + 93 = 0. What is the remainder when 463 is divided by w?
109
Let v = -45 + 52. Suppose 3*b - v = 5. What is the remainder when 15 is divided by b?
3
Let d = 34 - 33. Let v(l) be the third derivative of 11*l**6/120 - l**5/30 - l**4/24 + l**3/3 - 2*l**2. What is the remainder when 28 is divided by v(d)?
8
Let z = 16 - -3. What is the remainder when 49 is divided by z?
11
Let m = -15 - -17. Suppose -m*j = -2*o - 3*o - 47, -3*j + 4*o + 67 = 0. Calculate the remainder when j is divided by 8.
5
Let f(i) = i**2 + i - 1. Let l(y) = y**2 - 6*y. Let z be l(7). Suppose 3*x - z = 2. Calculate the remainder when f(-4) is divided by x.
2
Suppose -374 - 845 = -3*o - u, 3*o = 3*u + 1203. What is the remainder when o is divided by 24?
21
Let y = 11 - 18. What is the remainder when (-5 + 34)/(y/(-3) - 2) is divided by 10?
7
Let t(v) = -v**3 + 4*v**2 + 3. Let h be t(3). Suppose -4*x = -0 + h. Let b = 3 - x. Calculate the remainder when 15 is divided by b.
3
Suppose 4*w - w - 2*p - 8 = 0, -5*p = 3*w + 20. Suppose w = -5*g + 5, z + 0*g = -4*g + 4. Suppose z*c = 3*c - 6. Calculate the remainder when c is divided by 1.
0
Let t(c) = -5 + 3 - c - 2 - 5. Let j be t(-12). Calculate the remainder when 106 is divided by j + (-3 - -3*9).
25
Let r = 26 + -13. Calculate the remainder when r is divided by (1/3*3)/(79/632).
5
Let i = 29 + -18. Let s = i - -35. Calculate the remainder when s is divided by (-8)/(-1 + 3/6).
14
Let w = 86 - 52. Let a be 0/4*(-2)/(-6). Suppose -3*i = a, -v = -4*v + i + 195. Calculate the remainder when v is divided by w.
31
Suppose -19*p + 12 = -15*p. Let b = 2 - 2. Suppose 40 = -b*c + 4*c. What is the remainder when c is divided by p?
1
Let b be (2 + 22)*35/(-21). Calculate the remainder when 13 is divided by 1/(5/b*-1).
5
Let d be -4 - (-9)/1 - -5. Let b = 29 + d. Calculate the remainder when b is divided by 10.
9
Suppose 0 = -20*d - 7*d + 1647. Calculate the remainder when 195 is divided by d.
12
Suppose 0 = 2*x + 3*z - 13, 2*x - z = -1 + 2. Suppose 0 = -x*a - 0*a + 4. Suppose 10*c = a*c + 168. What is the remainder when 60 is divided by c?
18
Let a = 0 - -14. Suppose 0 = 3*r - l - 6, 2 - a = -5*r + l. What is the remainder when (3/4)/((-1)/(-12)) is divided by r?
0
Suppose v = 2*v - 23. Let a be (-1 - 0)/(-1)*(-5 + 42). Let d = a - v. What is the remainder when d is divided by 8?
6
Let l(a) = -118*a + 675. Calculate the remainder when 1358 is divided by l(5).
83
Let w = -31 - -40. What is the remainder when 31 is divided by w?
4
Suppose 27 - 2 = -5*x, 0 = -5*y + 5*x + 355. What is the remainder when ((-16)/(-6))/((-1 + 3)/y) is divided by 31?
26
Let u(p) = p**2 + p + 461. What is the remainder when u(0) is divided by 31?
27
Suppose -3287 + 0 = -19*q. What is the remainder when q is divided by 93?
80
Let m = -89 - -32. Let f be (2*-1)/(3/m). Let n = -15 + f. Calculate the remainder when 44 is divided by n.
21
Let g(r) = 2*r - 26. Let p be g(14). Suppose -51 = -p*z + 17. Calculate the remainder when z is divided by 9.
7
Let g = -38 - -67. Let d(a) = -a**2 + 29*a + 2. What is the remainder when d(4) is divided by g?
15
Suppose 62*f - 60*f = -6, 2*f + 151 = 5*i. What is the remainder when 197 is divided by i?
23
Let p(s) = s**2 + 19*s - 80. Let i(m) = m**2 - m - 7. Let r be i(0). Calculate the remainder when p(-24) is divided by (r/2)/(2/(-4)).
5
Let k(m) = -16*m**2 - 2*m + 2. Let y be k(-3). Let n = y + 138. Let w(g) = -g. What is the remainder when n is divided by w(-2)?
0
Let s(a) = -a**3 + 2*a**2 + 2*a + 14. What is the remainder when (-1)/(-2)*((-12)/(-6) + 66) is divided by s(0)?
6
Let s(t) = -20*t + 31. What is the remainder when 85 is divided by s(-2)?
14
Suppose 42 = -20*j + 23*j. Suppose 2*i = -2*v + 16, -5*v = i - 38 - j. Let x = 20 - -11. Calculate the remainder when x is divided by v.
9
Suppose m + m = -5*m. Suppose 0 = -2*p - 2 - 2, 5*g - p - 177 = m. What is the remainder when g is divided by 12?
11
Let p = 373 + -226. What is the remainder when p is divided by 19?
14
Let c be (-82)/6*1*3. Let p = c + 71. What is the remainder when p is divided by ((-14)/3 + 4)/(19/(-228))?
6
Let f(y) be the second derivative of y**4/12 + 4*y**3/3 + 3*y**2/2 - 3*y. Calculate the remainder when f(-11) is divided by 13.
10
Let i = -401 - -693. What is the remainder when i is divided by 50?
42
Let b = -36 + 60. Let o = -29 - -42. Calculate the remainder when o is divided by (b - 10)*1/2.
6
Let g be ((-35)/(-14)*(-6)/(-5))/3. Calculate the remainder when g - 0 - ((-408)/6 - -4) is divided by 17.
14
What is the remainder when 320 is divided by (-51*6/(-18))/1?
14
Let u = 1101 - 1012. Calculate the remainder when 172 is divided by u.
83
Let z(j) = j**3 + 4*j**2 - 18*j - 16. Calculate the remainder when 418 is div